7)?
8
Let v(c) = 3*c + 3. What is v(8)?
27
Let b(q) = -3*q - 3. What is b(0)?
-3
Let t(f) = -2*f - 11. Calculate t(-11).
11
Let y(z) = z**3 - 7*z**2 + 5*z + 7. What is y(5)?
-18
Let v(k) = -2*k + 26. What is v(18)?
-10
Let x(j) = j**2 + 11*j + 40. Calculate x(-6).
10
Let q(n) = -n**2 + 7*n + 11. Calculate q(10).
-19
Let a(g) = 7*g**2 + g. Calculate a(2).
30
Let q(n) = 2*n**3 + 4*n**2 + 5*n + 3. Determine q(-2).
-7
Let f(z) = z**2 - 11*z - 30. Calculate f(14).
12
Let t(w) = w**2 + 4*w + 2. Calculate t(-2).
-2
Let k(d) = -6*d + 2. Calculate k(4).
-22
Let c(j) = j**2 - j + 6. Give c(0).
6
Let m(p) = -4*p**3 + 1. What is m(1)?
-3
Let h(v) = v**3 + 17*v**2 + 14*v - 26. Calculate h(-16).
6
Let v(i) = -i**2 + 15. Calculate v(0).
15
Let z(j) = 2*j**3 - 2*j**2 + 4*j - 2. Give z(2).
14
Let w(h) = 2*h + 2. Determine w(-3).
-4
Let p(j) = j**3 - 13*j**2 + 40*j - 12. What is p(8)?
-12
Let y(r) = 4*r**3 + 12*r**2 + 6*r + 13. What is y(-3)?
-5
Let c(r) = 23*r - 225. What is c(10)?
5
Let o(q) = -2*q**2 + q + 2. Determine o(2).
-4
Let d(v) = 2*v**2 + 94*v - 3. Give d(-47).
-3
Let y(z) = -4*z**2 - 16*z + 37. Calculate y(3).
-47
Let n(h) = -2*h**2 + h + 7. Determine n(3).
-8
Let h(o) = -o**3 + 7*o**2 + 9*o + 9. What is h(8)?
17
Let s(i) = -i - 2. Determine s(-6).
4
Let n(v) = -v**2 + 13*v - 14. Calculate n(8).
26
Let q(a) = -40*a + 3. What is q(-1)?
43
Let u(c) = -2*c**2 - 13*c - 18. Determine u(-8).
-42
Let s(b) = 4*b + 6. Give s(2).
14
Let b(n) = -n**3 - 7*n**2 - 8*n - 13. Determine b(-6).
-1
Let u(o) = -o + 22. Give u(21).
1
Let o(f) = 4*f + 42. Calculate o(-7).
14
Let i(c) = 5*c - 153. What is i(29)?
-8
Let u(f) = -215*f - 3. Determine u(-1).
212
Let i(l) = 2*l**2 - 6*l - 8. Give i(-7).
132
Let p(d) = -d**3 - 7*d**2 - 4*d + 7. Calculate p(-6).
-5
Let l(f) = 2*f - 34. Determine l(22).
10
Let j(q) = q + 4. Calculate j(-7).
-3
Let g(v) = 3*v**3 + v**2 - 2*v - 1. What is g(-1)?
-1
Let o(w) = -23*w - 267. Calculate o(-12).
9
Let a(r) = -r**3 + 8*r**2 - 9*r + 8. Give a(7).
-6
Let c(u) = 97*u + 783. Calculate c(-8).
7
Let x(b) = b + 24. What is x(-27)?
-3
Let i(a) = a. Give i(9).
9
Let m(n) = 5*n**2 - 113*n + 63. Give m(22).
-3
Let s(h) = -h**2 + 7*h + 36. What is s(9)?
18
Let s(r) = -10*r + 104. Determine s(16).
-56
Let j(i) = 2*i**2 + 17*i + 1. Determine j(-5).
-34
Let t(p) = p**3 - 5*p**2 + 3*p + 5. What is t(4)?
1
Let q(y) = -y**3 - 10*y**2 - 12*y - 26. What is q(-9)?
1
Let h(i) = 27*i**2 - i. Calculate h(1).
26
Let m(u) = u + 20. Determine m(-12).
8
Let t(g) = -31*g - 33. What is t(-2)?
29
Let l(b) = -36*b - 540. What is l(-15)?
0
Let g(u) = -u**3 + 9*u**2 - 6*u + 2. Give g(8).
18
Let r(p) = p - 37. Calculate r(24).
-13
Let u(t) = -55*t + 1. What is u(-1)?
56
Let h(y) = -4*y**2 - 25*y + 94. Give h(-9).
-5
Let y(w) = w**3 - 9*w + 9. Give y(3).
9
Let z(b) = b**2 - 6*b - 212. Calculate z(-11).
-25
Let v(o) = -o**2 - 19*o - 99. Determine v(-6).
-21
Let u(z) = 3*z - 28. Give u(15).
17
Let c(j) = 34*j + 3. Determine c(1).
37
Let q(g) = g**3 + 8*g**2 - 2*g + 3. Give q(-8).
19
Let y(g) = 2*g**3 + 11*g**2 - 6*g + 7. What is y(-6)?
7
Let p(w) = -9*w - 152. Calculate p(-16).
-8
Let t(g) = -g**2 + 4*g + 41. Give t(8).
9
Let h(a) = -a**3 - 6*a**2 - 7*a - 2. Calculate h(-3).
-8
Let y(k) = k**2 - 10*k + 6. Calculate y(9).
-3
Let r(n) = -n**3 + 2*n**2 - 5*n + 4. Calculate r(3).
-20
Let y(m) = -m**3 + 6*m**2 + m - 2. Determine y(5).
28
Let z(v) = 2*v**3 + 19*v**2 + 8*v - 10. Determine z(-9).
-1
Let s(x) = -5*x**2 + x - 2. What is s(2)?
-20
Let x(n) = n**2 - 4*n - 13. Calculate x(6).
-1
Let t(z) = -z**3 - 3*z**2 + 5*z - 10. Calculate t(-5).
15
Let c(q) = -2*q + 48. Determine c(22).
4
Let a(x) = -15*x - 2. Give a(-1).
13
Let w(x) = -x**3 - 8*x**2 - 13*x - 9. Determine w(-6).
-3
Let h(o) = o**3 - 3*o**2 - 3*o. Calculate h(4).
4
Let q(k) = -4*k. Calculate q(-5).
20
Let g(h) = 7*h - 156. Determine g(30).
54
Let j(x) = 6*x + 39. Determine j(-6).
3
Let a(m) = -30*m - 174. What is a(-6)?
6
Let v(m) = -m**3 + 4*m**2 + 17*m - 62. Give v(5).
-2
Let s(n) = -n**2 + 12*n. Calculate s(-2).
-28
Let k(m) = 101*m**3 - 2*m**2 + m. Determine k(1).
100
Let j(x) = -x**3 + 7*x**2 - 5*x + 8. Give j(7).
-27
Let r(o) = 14*o**2 + 43*o + 4. Calculate r(-3).
1
Let i(r) = -r**2 - 56*r - 302. Determine i(-50).
-2
Let m(j) = -16*j**2 + 10*j. Determine m(1).
-6
Let d(c) = -35*c. Calculate d(1).
-35
Let f(x) = 8*x - 27. Calculate f(3).
-3
Let u(k) = -57*k + 611. Give u(11).
-16
Let f(a) = -a**3 - 5*a**2 - 5. What is f(-5)?
-5
Let g(h) = -2*h**2 + 28*h - 24. Calculate g(12).
24
Let x(m) = -4*m - 71. Give x(-19).
5
Let w(z) = z**3 + 6*z**2 - 10*z - 15. What is w(-7)?
6
Let i(w) = 3*w + 4. What is i(-8)?
-20
Let x(r) = -12*r**2 + 314*r - 46. What is x(26)?
6
Let i(p) = p**3 + 3*p**2 - 11*p + 7. Calculate i(-6).
-35
Let u(z) = z**3 + 3*z**2 - 4*z + 1. What is u(-4)?
1
Let u(a) = -a**3 - 3*a**2 + 6*a + 5. Determine u(-4).
-3
Let b(a) = -a**2 + 2*a + 23. What is b(-14)?
-201
Let l(a) = -a**3 - 18*a**2 + 21. Give l(-18).
21
Let b(u) = -8*u - 5. Determine b(-2).
11
Let f(r) = 28*r**3 - r**2 + 1. Calculate f(1).
28
Let f(g) = g**3 + 7*g**2 - 12*g. What is f(-8)?
32
Let m(a) = -a - 9. What is m(-7)?
-2
Let h(o) = o**3 + 23*o**2 + 23*o + 22. What is h(-22)?
0
Let w(m) = -m**2 - 10*m - 5. What is w(-9)?
4
Let l(i) = -19*i**2. Give l(1).
-19
Let y(x) = x - 4. What is y(-7)?
-11
Let u(p) = p**3 - 7*p**2 - 12*p + 72. What is u(6)?
-36
Let w(t) = t + 14. Determine w(16).
30
Let p(c) = c**2 + 12*c. What is p(-14)?
28
Let u(o) = o**3 + 5*o**2 - 7*o - 3. Give u(-6).
3
Let m(t) = 8*t**2 - 3*t + 2. What is m(2)?
28
Let v(k) = 2*k**3 + 28*k**2 - 3*k - 4. Calculate v(-14).
38
Let f(l) = -6*l**2 - 19*l + 20. Determine f(1).
-5
Let c(p) = p + 16. Determine c(-7).
9
Let r(m) = m**2 - 10*m + 30. What is r(4)?
6
Let t(x) = 3*x + 21. Determine t(-6).
3
Let t(s) = -6*s**2 - 28*s + 11. Give t(-5).
1
Let x(i) = -i**3 + 3*i**2 + i - 8. Calculate x(2).
-2
Let g(r) = -3*r**2 - 20*r - 21. What is g(-7)?
-28
Let c(g) = -g - 28. Determine c(-10).
-18
Let k(y) = -2*y**3 + 22*y**2 + y - 15. Calculate k(11).
-4
Let b(j) = j**3 + 13*j**2 + 9*j - 14. Calculate b(-11).
129
Let r(f) = -f**2 + 2*f + 16. Determine r(-4).
-8
Let l(y) = y - 7. Give l(6).
-1
Let m(b) = 6*b**2 + 3*b - 5. What is m(2)?
25
Let b(z) = z**2 + 5*z + 8. Determine b(-4).
4
Let s(m) = 40*m**2 - 2*m + 3. What is s(-2)?
167
Let z(y) = -y**3 + 9*y**2 - 9*y - 21. Give z(9).
-102
Let n(x) = -x**2 + 14*x + 1. What is n(13)?
14
Let i(v) = -2*v**2 - 43*v - 19. Determine i(-21).
2
Let w(b) = -b**2 + b - 6. Calculate w(-2).
-12
Let q(k) = -k**2 - k + 1. Determine q(3).
-11
Let y(a) = 13*a**3 + 2*a**2 - 5*a + 4. What is y(1)?
14
Let m(z) = z**3 + 17*z**2 - 37*z + 19. Calculate m(-19).
0
Let f(x) = -411*x + 3. What is f(0)?
3
Let b(d) = 10*d**2 + 8*d - 2. Determine b(-4).
126
Let g(m) = 8*m - 68. Give g(6).
-20
Let a(d) = -3*d - 15. What is a(-6)?
3
Let q(h) = -16*h + 118. Determine q(7).
6
Let f(c) = c**2 + 13*c + 11. Determine f(-6).
-31
Let b(g) = g**3 + 7*g**2 + 5*g + 1. What is b(-6)?
7
Let z(d) = d**2 - 7*d + 5. Calculate z(5).
-5
Let d(u) = -4*u**2 - 6*u - 2. Determine d(-2).
-6
Let k(a) = 2*a - 1. What is k(-1)?
-3
Let j(z) = z**2 + 4*z - 1. Calculate j(-4).
-1
Let t(r) = 46*r - 232. What is t(5)?
-2
Let k(t) = t**3 + 4*t**2 - 7*t - 1. Calculate k(-5).
9
Let b(j) = j**2 - 11*j + 23. Give b(13).
49
Let j(w) = w**3 + 4*w**2 + w + 6. Calculate j(-3).
12
Let f(j) = 3*j**2 + 25*j + 15. Give f(-6).
-27
Let i(p) = 11*p**2 + 132*p + 6. Determine i(-12).
6
Let v(w) = -w**3 - 12*w**2 - 23*w - 21. Give v(-10).
9
Let j(c) = -3*c**3 - 7*c**2 + 2*c + 12. Determine j(-3).
24
Let n(x) = x**3 - 5*x**2 - 2*x + 5. Determine n(5).
-5
Let h(t) = 2*t**2 + 10*t - 3. Give h(-7).
25
Let h(t) = 18*t + 203. Determine h(-12).
-13
Let q(r) = -r**3 - 10*r**2 - 4*r + 36. Calculate q(-9).
-9
Let f(r) = 8*r + 64. Calculate f(-10).
-16
Let p(r) = -7*r + 3. What is p(-1)?
10
Let k(v) = -v**2 + 18*v - 8. Calculate k(18).
-8
Let x(v) = v**2 + 10*v + 12. Give x(-8).
-4
Let o(n) = -n**2 - 4*n - 2. Give o(4).
-34
Let i(l) = -3*l + 105. What is i(35)?
0
Let n(h) = h**3 + 12*h**2 + 8*h - 3. Calculate n(-11).
30
Let p(h) = -2*h**2 + 47*h - 44. Determine p(21).
61
Let s(i) = -i**2 - 33*i + 65. What is s(-35)?
-5
Let u(n) = -25*